Let a(j) = j**2 + 2*j + 7. Let f be a(o). What is the highest common divisor of h and f?
11
Let x(h) = -3*h + 4. Let k be x(-2). Let z be 106/22 - k/(-55). What is the highest common factor of 55 and z?
5
Suppose -47*o + 37*o = -50. What is the greatest common divisor of o and 40?
5
Let b(h) = -2 + 8*h - 8 + 2 - 24*h. Let g be b(-7). What is the greatest common divisor of 13 and g?
13
Let v = -217 + 220. Calculate the highest common divisor of 4 and v.
1
Let z = 16 + -11. Suppose -4*n - 64 = 2*y - 6*y, z*n = -2*y + 39. Calculate the highest common factor of 136 and y.
17
Suppose 774 = 10*a - 4*a. Let q = -33 + a. Calculate the highest common divisor of 32 and q.
32
Suppose -15*t = -18*t + 108. What is the highest common divisor of t and 414?
18
Suppose 0*p = 5*f - p, 4*f = 3*p. Suppose -2*b + 5*b - 183 = f. Suppose 0 = -4*r + 19 + b. What is the greatest common divisor of 60 and r?
20
Suppose 4064 = 13*l - 5582. What is the greatest common factor of 14 and l?
14
Let z(f) = -f**3 + 3*f**2 + 2*f + 1. Let r(x) = 4*x + 1. Let v be r(-1). Let d be z(v). Suppose 11 = 4*w - 17. Calculate the greatest common divisor of w and d.
7
Let l = -32 - -37. Suppose -q + 6 = -5*o, l*q - o + 0 = 54. What is the highest common factor of q and 1?
1
Let q = -12 - -12. Suppose 2*o - 9 + 1 = q. Suppose -o*r - 17 = -4*v - r, -2*v - 4*r + 14 = 0. What is the highest common factor of v and 40?
5
Suppose -136 = -4*j + 2*c, 14*j + c = 19*j - 167. Calculate the greatest common divisor of j and 66.
33
Let j be (-2)/(-1) - 2 - -14. Suppose -138 = 4*f - 586. Calculate the highest common factor of f and j.
14
Let f(s) = 223*s**2 - 18*s + 19. Let q be f(1). Calculate the highest common divisor of 64 and q.
32
Suppose -158 = -6*c + 148. Let w = -27 + c. Let n(m) = 2*m**2 + m + 2. Let a be n(2). Calculate the highest common divisor of a and w.
12
Let x = 17 + -5. Let o = -1310 + 1318. What is the highest common factor of o and x?
4
Let y = 286 + -276. Suppose 4*w + 2*r = w - 12, -4*w - 5*r - 16 = 0. Let j be (10/(-3))/(w/60). Calculate the highest common factor of y and j.
10
Let a = 41 - 10. What is the highest common factor of 837 and a?
31
Suppose -2 + 5 = w. Let r be -2*((-38)/w + (-12)/(-18)). Let i be (-2)/(-7) + (-1340)/(-14). What is the greatest common divisor of i and r?
24
Let b = 13 - 11. Suppose 4*w + 86 = b*l, -l = -6*l + 5*w + 230. Let k be 1*l - 0/(-5). Calculate the highest common divisor of k and 7.
7
Let p(z) = -z**2 + 12*z - 33. Let m be p(7). Suppose -2*n = m*n - 3*x - 28, 36 = 5*n - 4*x. Calculate the greatest common divisor of n and 28.
4
Suppose -205 = -2*z + 5*n, 4*n + 126 = 130. Calculate the greatest common divisor of 336 and z.
21
Let b(a) = -3*a - 16. Let j be b(-17). Calculate the highest common factor of 175 and j.
35
Suppose 5*u - 232 = 4*w, -9*u + 5*w = -8*u - 38. Calculate the highest common factor of 72 and u.
24
Let h be 1/((-3)/(-129)) + (12 - 8). Calculate the greatest common factor of 94 and h.
47
Suppose 6 - 26 = -5*p. Suppose q = -p*j - 23 + 94, -8 = -2*j. Calculate the highest common divisor of 5 and q.
5
Suppose 716*u = 719*u - 186. What is the highest common factor of u and 62?
62
Suppose x + 38 = -22. Let c be x/18*(-6)/5. Calculate the greatest common factor of c and 64.
4
Let h = 67 + -206. Let q = -76 - h. What is the highest common factor of 7 and q?
7
Let d(b) = b**2 - b - 3. Let w be d(4). Let p be 1*0*3/6. Suppose 10*n - w*n - 54 = p. What is the greatest common factor of 18 and n?
18
Suppose -13*r = -67 - 817. What is the greatest common divisor of r and 2?
2
Let r(j) = 5*j**2 + 8*j + 15. Let u be r(15). What is the greatest common factor of u and 18?
18
Suppose -o = -5*s - 185, 435 = -4*o + 6*o + 3*s. Calculate the greatest common factor of 45 and o.
15
Let m(s) = 83*s - 19. Let r be m(1). Calculate the greatest common factor of 96 and r.
32
Let v = 15 + -13. Let y be 0/(-2*3/v). Suppose -w + 5*b + 52 = y, 96 = 4*w + 5*b - 12. What is the highest common factor of 48 and w?
16
Suppose -4*z + 148 = -0*z. Calculate the highest common factor of 407 and z.
37
Suppose i - 32 = -x, -5*x + 3*i = -0*x - 168. Calculate the highest common divisor of x and 231.
33
Let w = 36 + 144. Calculate the highest common divisor of 40 and w.
20
Suppose -m + 34 = -2*m + 4*r, 0 = 3*m - 3*r + 111. Let k be ((-24)/(-2))/(-3) - -5 - m. Calculate the greatest common factor of k and 3.
3
Let b = 254 + -233. Calculate the highest common factor of 84 and b.
21
Suppose -3*q - 4*q + 420 = 0. Calculate the highest common divisor of 24 and q.
12
Suppose -5*s + 3*h - 4477 + 16120 = 0, -h = 2*s - 4655. What is the greatest common divisor of 24 and s?
24
Let w(z) = 8*z - 37. Let c be w(14). Suppose -12*y + 117 = -c. Calculate the highest common factor of 8 and y.
8
Suppose 14*l - 12*l - 5*c - 39 = 0, 5*l + 5*c - 80 = 0. Suppose 589 = 5*f + 3*a, -466 = -4*f - 3*a - 2*a. What is the highest common divisor of f and l?
17
Suppose -54 = -4*x + 86. Suppose -x = 3*v + 2*v. Let c(b) = 2*b**2 - 7. Let u be c(v). Calculate the highest common factor of 13 and u.
13
Let k be 0 - 2/((-10)/1705). Suppose -3*g - 4*b + b = -99, -b = -2. Calculate the highest common factor of k and g.
31
Suppose 7*f = 2*f - 980. Let z = -75 - f. Let k = -18 + 29. What is the greatest common factor of z and k?
11
Let n = -915 - -1006. What is the highest common divisor of n and 13?
13
Let p be (-32)/(-80) - 2/5. Suppose p = -u + 6*u - 25. Suppose -u*y = -y - 84. Calculate the highest common divisor of y and 63.
21
Let y(z) = 9*z - 31. Let p be y(15). Suppose -4*i - 8 = 0, 3*v - 47 = -0*i + 4*i. What is the highest common divisor of p and v?
13
Suppose -4*h + 34 = -758. Calculate the greatest common divisor of h and 66.
66
Suppose -2*q = -q - 3. Suppose -2*b + 46 = c, 140 = q*c + b + 4*b. Let n(h) = 21*h**3 - 1. Let k be n(1). Calculate the greatest common divisor of k and c.
10
Let q be 68*((-66)/24)/(-11). What is the greatest common divisor of q and 17?
17
Suppose m + m = 36. Suppose -3*w + 5 = -1. Let g be -30*(15/w)/(-5). Calculate the highest common divisor of g and m.
9
Suppose -2*o = -3*f + 34, 3*o + 0 + 39 = 3*f. Calculate the greatest common divisor of f and 4.
4
Let q = -12 - -18. Let i be q/51 + (-585)/(-85). What is the greatest common factor of i and 49?
7
Let o = 115 + 23. Let x = 145 + -53. Calculate the greatest common divisor of o and x.
46
Let b = 113 - 111. Let g be (-14)/(-2) + -6 + b*1. Calculate the highest common divisor of 1 and g.
1
Let f(t) = -2*t**2 + 37*t - 17. Suppose -l = 4, -w - 40 = -3*w + l. Let x be f(w). Calculate the highest common divisor of 2 and x.
1
Let r(y) = -4*y - 6. Let v(s) = s - 9. Let a be v(4). Let t be r(a). What is the greatest common divisor of t and 7?
7
Let v be (-298)/(-6) - (-3)/9. Let o = v - 36. What is the greatest common divisor of 56 and o?
14
Let p = 17 - 13. Suppose -3*h = -p*m - 46, 2*h + 0 = -4. Let o be m/(-4)*(-1 - -5). Calculate the highest common factor of o and 52.
13
Suppose 3*y - 13 = -z - y, -z + 1 = -2*y. Suppose -g = -5*f + 11, f + 11*g = 6*g - 3. Suppose j - 165 = -f*j. Calculate the greatest common divisor of j and z.
5
Let w = -3 + 8. Suppose 4*m + z + 65 = 0, 0*m = -m + w*z - 11. Let y be -24*((-20)/m - 2). Calculate the greatest common factor of y and 9.
9
Let p = 31 - 30. Let j be 120/8*p*(-1 - -2). Calculate the highest common divisor of 60 and j.
15
Let h be 1012/(-12)*-3*1. Let l = -110 + h. Let n(i) = -52*i + 325. Let j be n(6). Calculate the greatest common factor of j and l.
13
Let y be 1/((185/(-222))/(10/(-3))). What is the greatest common divisor of y and 25?
1
Suppose 2 + 14 = 2*k. Let w be 6/k + (-125)/(-20). Calculate the greatest common factor of w and 1.
1
Let i = -47 - -54. Let f be 112/i - 6/(-3). What is the highest common factor of 36 and f?
18
Let f be 3 - (0 - (0 - -2)). Suppose 0*x - 3*z - 26 = -x, -5*z - 100 = -f*x. Let w = -8 + x. Calculate the highest common divisor of w and 6.
3
Suppose 0 = 2*r + y - 8 + 2, r = 5*y + 25. Suppose r*p - 8 = -3. Let d be p - (3 - 3) - -2. What is the highest common divisor of d and 9?
3
Suppose -4*s + 2*y - 879 + 2619 = 0, 5*y + 2175 = 5*s. What is the highest common divisor of 174 and s?
87
Let c = 197 - 377. Let j = -90 - c. Suppose 2*w + 2*a - 29 = 5*a, 2*a 